{"id":9,"date":"2010-09-02T08:35:04","date_gmt":"2010-09-02T06:35:04","guid":{"rendered":"http:\/\/www.31542-horsten.de\/?page_id=9"},"modified":"2019-01-31T13:28:04","modified_gmt":"2019-01-31T11:28:04","slug":"ortsspaziergang","status":"publish","type":"page","link":"http:\/\/www.31542-horsten.de\/?page_id=9","title":{"rendered":"Ortsspaziergang"},"content":{"rendered":"<p>Der historische Ortsspaziergang Horsten f\u00fchrt den Besucher durch das Dorf und erl\u00e4utert auf zus\u00e4tzlichen Beibl\u00e4ttern mit historischen Karten die einzelnen Objekte und Kulturlandschaftselemente.<\/p>\n<p><a href=\"http:\/\/www.31542-horsten.de\/wp-content\/uploads\/2010\/09\/Horsten_10x14.jpg\"><img loading=\"lazy\" decoding=\"async\" class=\"aligncenter size-large wp-image-75\" title=\"Ortsspaziergang Horsten\" src=\"http:\/\/www.31542-horsten.de\/wp-content\/uploads\/2010\/09\/Horsten_10x14-1024x724.jpg\" alt=\"Ortsspaziergang Horsten\" width=\"640\" height=\"452\" srcset=\"http:\/\/www.31542-horsten.de\/wp-content\/uploads\/2010\/09\/Horsten_10x14-1024x724.jpg 1024w, http:\/\/www.31542-horsten.de\/wp-content\/uploads\/2010\/09\/Horsten_10x14-300x212.jpg 300w, http:\/\/www.31542-horsten.de\/wp-content\/uploads\/2010\/09\/Horsten_10x14.jpg 1669w\" sizes=\"auto, (max-width: 640px) 100vw, 640px\" \/><\/a>Verkaufspreis: 4,50 Euro<\/p>\n<p>Poster und Spazierg\u00e4nge sind sind vorr\u00e4tig direkt bei Henning und Bernd in Horsten oder \u00fcber die AG Spurensuche in der Schaumburger Landschaft.<\/p>\n<p>Mehr Informationen zur Spurensuche in Schaumburg unter: <a title=\"Spurensuche in Schaumburg\" href=\"https:\/\/spurensuche.schaumburgerlandschaft.de\/ospaz_text.php?kategorie=1\" target=\"_blank\">http:\/\/spurensuche.schaumburgerlandschaft.de<\/a><\/p>\n","protected":false},"excerpt":{"rendered":"<p>Der historische Ortsspaziergang Horsten f\u00fchrt den Besucher durch das Dorf und erl\u00e4utert auf zus\u00e4tzlichen Beibl\u00e4ttern mit historischen Karten die einzelnen Objekte und Kulturlandschaftselemente. Verkaufspreis: 4,50 Euro Poster und Spazierg\u00e4nge sind sind vorr\u00e4tig direkt bei Henning und Bernd in Horsten oder &hellip; <a href=\"http:\/\/www.31542-horsten.de\/?page_id=9\">Weiterlesen <span class=\"meta-nav\">&rarr;<\/span><\/a><\/p>\n","protected":false},"author":1,"featured_media":0,"parent":0,"menu_order":2,"comment_status":"closed","ping_status":"closed","template":"","meta":{"ngg_post_thumbnail":0,"footnotes":""},"class_list":["post-9","page","type-page","status-publish","hentry"],"_links":{"self":[{"href":"http:\/\/www.31542-horsten.de\/index.php?rest_route=\/wp\/v2\/pages\/9","targetHints":{"allow":["GET"]}}],"collection":[{"href":"http:\/\/www.31542-horsten.de\/index.php?rest_route=\/wp\/v2\/pages"}],"about":[{"href":"http:\/\/www.31542-horsten.de\/index.php?rest_route=\/wp\/v2\/types\/page"}],"author":[{"embeddable":true,"href":"http:\/\/www.31542-horsten.de\/index.php?rest_route=\/wp\/v2\/users\/1"}],"replies":[{"embeddable":true,"href":"http:\/\/www.31542-horsten.de\/index.php?rest_route=%2Fwp%2Fv2%2Fcomments&post=9"}],"version-history":[{"count":9,"href":"http:\/\/www.31542-horsten.de\/index.php?rest_route=\/wp\/v2\/pages\/9\/revisions"}],"predecessor-version":[{"id":375,"href":"http:\/\/www.31542-horsten.de\/index.php?rest_route=\/wp\/v2\/pages\/9\/revisions\/375"}],"wp:attachment":[{"href":"http:\/\/www.31542-horsten.de\/index.php?rest_route=%2Fwp%2Fv2%2Fmedia&parent=9"}],"curies":[{"name":"wp","href":"https:\/\/api.w.org\/{rel}","templated":true}]}}